 9*c**2 - 7*c - 11. Calculate v(5).
-71
Let t(c) = c - 1. Give t(8).
7
Let n(o) = -43*o + 216. Calculate n(5).
1
Let s(a) = a**3 + 15*a**2 - 16*a - 5. Determine s(-16).
-5
Let h(q) = q**2 - 46*q - 432. Give h(54).
0
Let s(i) = 19*i + 31. Give s(-3).
-26
Let n(t) = -7*t + 37. Give n(10).
-33
Let v(s) = -s**2 + 3*s - 17. Give v(6).
-35
Let s(a) = -a**3 + 9*a**2 - 5*a + 13. Calculate s(8).
37
Let v(q) = q**2 - 10*q + 3. Determine v(7).
-18
Let f(a) = 2*a**2 - 69*a - 482. Determine f(-6).
4
Let g(z) = -2*z**2 + 16*z - 27. Determine g(14).
-195
Let w(s) = s**3 + 83*s**2 + 160*s - 162. Determine w(-81).
0
Let x(q) = -q**3 + 6*q**2 + 4*q + 4. Calculate x(6).
28
Let x(t) = t**3 - 15*t**2 - 7*t + 1. Determine x(16).
145
Let f(b) = -b**3 - 8*b**2 - 14*b - 1. Determine f(-5).
-6
Let b(w) = w**2 + 6*w - 27. Calculate b(-9).
0
Let f(y) = -y**3 - 5*y**2 + 2*y - 9. Calculate f(-7).
75
Let r(g) = 4*g - 2. Give r(1).
2
Let a(p) = -2*p**3 + 17*p**2 + 7*p + 18. Determine a(8).
138
Let c(n) = 2*n**2 - 4*n - 4. Determine c(5).
26
Let k(a) = 4*a + 15. What is k(-5)?
-5
Let t(q) = 4*q**3 - q**2 + 4*q - 5. What is t(2)?
31
Let x(s) = 13*s - 50. Give x(6).
28
Let z(q) = 2*q**3 + 8*q**2 + 2*q + 5. Give z(-4).
-3
Let v(h) = h**2 + 11*h + 7. Determine v(-12).
19
Let x(u) = u**3 - 8*u**2 - 7*u - 13. Calculate x(9).
5
Let x(b) = -b**2 - 13*b + 2. Calculate x(-12).
14
Let q(o) = -17*o + 2. Calculate q(-1).
19
Let l(x) = x**3 - 15*x**2 + 39*x - 6. What is l(12)?
30
Let v(w) = -34*w**3 + w**2. Determine v(1).
-33
Let q(u) = u + 2. Give q(4).
6
Let c(d) = 12*d - 71. Determine c(5).
-11
Let l(n) = 35*n + 191. What is l(-5)?
16
Let l(c) = -64*c + 1725. Calculate l(27).
-3
Let o(v) = 7*v + 11. Calculate o(-7).
-38
Let p(s) = -4*s + 1. Determine p(3).
-11
Let u(d) = -d**3 - 38*d**2 - 310*d + 26. Calculate u(-12).
2
Let m(x) = x**3 + 12*x**2 - 44*x + 4. Give m(3).
7
Let c(o) = -o**3 - 3*o**2 - o + 1. Determine c(-1).
0
Let r(h) = 3*h**3 + h**2 - h - 1. Give r(-1).
-2
Let h(j) = 10*j + 46. Give h(-7).
-24
Let l(o) = -o**2 - 4*o + 9. Give l(-5).
4
Let w(i) = -6*i**3 + i**2 - 3*i + 3. Calculate w(1).
-5
Let a(b) = -b**3 - 16*b**2 - 18*b - 16. Determine a(-15).
29
Let r(v) = 14*v + 325. Determine r(-23).
3
Let r(v) = -v**2 + 28*v - 60. Give r(26).
-8
Let r(y) = 7*y - 15. Give r(6).
27
Let q(b) = -2*b**3 - 6*b**2 + 8*b - 4. What is q(-4)?
-4
Let g(f) = 5*f + 59. What is g(-7)?
24
Let u(g) = g**2 + 13*g + 21. Give u(-14).
35
Let h(q) = -4*q**2 - 7*q + 1. Determine h(-5).
-64
Let r(m) = -2*m**2 - 64*m - 68. Determine r(-31).
-6
Let y(x) = 2*x + 33. Calculate y(-17).
-1
Let g(d) = -d**3 + 24*d**2 - 17*d - 129. Determine g(23).
9
Let r(k) = 2*k**3 - 3*k**2 + 4*k - 3. Determine r(2).
9
Let a(v) = -v**3 - 10*v**2 + 4*v + 7. What is a(-11)?
84
Let c(i) = -2*i**2 - 3*i + 3. Give c(-3).
-6
Let a(k) = -4*k**2 - 5*k - 6. Calculate a(-4).
-50
Let p(l) = 19*l + 143. Determine p(-9).
-28
Let d(t) = -8*t + 16. What is d(-3)?
40
Let s(y) = y**2 - 6*y - 2. What is s(0)?
-2
Let w(v) = v**2 - 4*v + 9. Calculate w(7).
30
Let u(m) = -m**2 + 6*m - 8. What is u(6)?
-8
Let k(y) = y**2 - 3*y - 2. What is k(6)?
16
Let y(g) = g**2 + 23*g + 81. Give y(-19).
5
Let h(p) = -37*p - 367. Calculate h(-10).
3
Let h(p) = p**2 - 8*p + 4. What is h(7)?
-3
Let q(a) = -a**2 + 11*a + 17. Calculate q(10).
27
Let s(z) = 13*z + 34. What is s(-2)?
8
Let h(k) = 2*k + 9. What is h(-1)?
7
Let n(s) = -s**3 + 8*s**2 - 2*s - 5. Give n(7).
30
Let y(r) = 12*r + 245. What is y(-18)?
29
Let n(g) = g**3 - 15*g**2 + 4*g - 18. Determine n(15).
42
Let y(v) = v**3 - 5*v**2 - 15*v - 8. Give y(7).
-15
Let t(w) = -3*w**2 + w - 7. Determine t(-8).
-207
Let i(f) = 2*f**3 - 4*f**2 - 2*f + 2. Give i(-2).
-26
Let x(j) = j**2 - 38*j - 221. Determine x(43).
-6
Let i(b) = b**3 + 3*b**2 - 35*b - 103. Give i(-3).
2
Let v(g) = -g**3 + 4*g**2 + 2*g - 6. Calculate v(6).
-66
Let t(c) = -56*c + 252. Give t(5).
-28
Let g(r) = 4*r + 11. Determine g(-5).
-9
Let q(b) = -5*b**2 + 3*b + 2. Give q(4).
-66
Let u(k) = 13*k + 7. Calculate u(-1).
-6
Let o(x) = 3*x**2 - 8*x - 17. Determine o(-2).
11
Let n(s) = 15*s**2 - 5*s + 5. Calculate n(1).
15
Let o(v) = -v**3 - 17*v**2 - 31*v - 6. What is o(-15)?
9
Let l(z) = z**3 - 13*z**2 + 23*z + 1. Give l(11).
12
Let v(p) = -p**3 + 6*p**2 + 6*p + 15. Determine v(7).
8
Let i(a) = -31*a - 1. Calculate i(1).
-32
Let s(d) = -d - 2. What is s(-2)?
0
Let k(f) = f + 6. What is k(8)?
14
Let n(t) = -t**3 + 7*t**2 + t - 19. Determine n(5).
36
Let o(z) = 2*z**2 + 76*z + 10. Determine o(-38).
10
Let d(k) = 2*k - 9. What is d(-10)?
-29
Let k(m) = 24*m**2 - 9*m + 7. Give k(1).
22
Let n(b) = -3*b - 35. What is n(-13)?
4
Let o(p) = -4*p**2 - 4. Calculate o(-2).
-20
Let z(b) = b**3 + 15*b**2 - 19*b - 13. Give z(-16).
35
Let z(s) = s**2 + 10*s + 7. Give z(-11).
18
Let x(i) = 4*i**2 + 7*i + 3. What is x(-2)?
5
Let c(s) = s**3 - 7*s**2 + 7*s - 5. Give c(5).
-20
Let g(v) = 2*v**3 + 17*v**2 + 11*v + 16. What is g(-8)?
-8
Let f(c) = -c**2 + 7*c + 6. Calculate f(6).
12
Let t(i) = -5*i - 35. Determine t(-5).
-10
Let n(i) = -i**2 - 6*i - 2. Calculate n(-7).
-9
Let l(y) = y**3 + 8*y**2 + 10*y + 8. What is l(-6)?
20
Let k(x) = 4*x**2 + 15*x + 16. Give k(-5).
41
Let z(y) = -y**2 - 33*y - 45. What is z(-28)?
95
Let d(i) = 25*i - 70. Determine d(3).
5
Let n(s) = 2*s**2 + 30*s + 103. Give n(-5).
3
Let m(v) = -v**3 + 7*v**2 + 74*v + 43. What is m(13)?
-9
Let v(h) = -h**2 + 3*h + 1. Calculate v(-3).
-17
Let l(s) = -s**3 + 6*s**2 - 4*s - 2. Give l(5).
3
Let x(f) = 2*f**2 + 8*f - 6. What is x(-4)?
-6
Let p(k) = 3*k - 15. What is p(-8)?
-39
Let a(q) = -2*q - 9. Calculate a(-6).
3
Let s(l) = 43*l**2 + 1. Calculate s(-1).
44
Let a(t) = -13*t - 200. Calculate a(-15).
-5
Let u(q) = q**3 - 7*q**2 - q + 10. Determine u(7).
3
Let u(c) = -123*c + 733. What is u(6)?
-5
Let k(q) = 2*q**3 + 33*q**2 - 14*q - 12. Determine k(-17).
-63
Let a(y) = y**3 + 11*y**2 + 28*y + 160. Give a(-10).
-20
Let d(o) = o**2 - 11*o - 14. Give d(11).
-14
Let u(a) = a**2 - 10*a - 12. Calculate u(11).
-1
Let y(f) = 12*f - 2. Give y(2).
22
Let u(g) = -g**3 - 24*g**2 - 64*g - 27. Give u(-21).
-6
Let r(u) = -u - 8. Calculate r(-10).
2
Let w(v) = -v**3 - 10*v**2 - 13*v - 28. Determine w(-9).
8
Let w(j) = -j**3 - 13*j**2 - j - 11. What is w(-13)?
2
Let s(a) = 14*a. Give s(-2).
-28
Let s(i) = -3*i**2 + 12*i - 7. Calculate s(3).
2
Let q(l) = l**3 - 3*l**2 + 9*l + 3. Give q(3).
30
Let w(q) = -q**2 - 4*q + 7. Calculate w(-4).
7
Let h(n) = n**3 + 8*n**2 + 10*n - 15. Give h(-5).
10
Let c(f) = f**3 + 12*f**2 + 9*f - 13. Give c(-11).
9
Let u(o) = -19*o - 292. What is u(-15)?
-7
Let p(g) = 4*g + 8. What is p(0)?
8
Let g(c) = -12*c - 65. Give g(-5).
-5
Let q(t) = 11*t + 237. Give q(-22).
-5
Let i(r) = 15*r + 5. Give i(-4).
-55
Let j(m) = m**3 - 22*m**2 + 20*m + 29. Determine j(21).
8
Let f(r) = -r**3 + 7*r**2 - 8*r + 10. Calculate f(6).
-2
Let t(r) = -r**2 + 3*r - 9. What is t(4)?
-13
Let f(c) = -42*c**3 + c**2 - 4*c + 3. What is f(1)?
-42
Let x(l) = -l**2 + 6*l + 35. Calculate x(10).
-5
Let o(f) = -f - 6. Calculate o(-9).
3
Let l(q) = -13*q - 79. What is l(-7)?
12
Let m(v) = -2*v**2 - 9*v + 22. Determine m(-8).
-34
Let b(g) = -g**2 - 2*g + 28. Calculate b(-6).
4
Let f(v) = 8*v**2 + 12*v + 45. What is f(-3)?
81
Let d(m) = -m**2 - m + 3. Give d(-3).
-3
Let x(k) = -k**3 + 10*k**2 - 12*k + 1. Calculate x(8).
33
Let b(a) = 4*a - 40. What is b(-7)?
-68
Let g(h) = -2*h**2 + 24*h - 46. Calculate g(9).
8
Let k(x) = -5*x + 25. What is k(5)?
0
Let z(f) = f**3 - 10*f**2 + 9*f + 1. Calculate z(7).
-83
Let w(v) = 3*v**2 - 5*v + 1. Give w(-4).
69
Let z(x) = -2*x**2 - 17*x - 18. Determine z(-8).
-10
Let u(a) = -12*a**2 - 35*a. Determine u(-3).
-3
Let n(c) = 37*c - 327. Determine n(9).
6
Let r(v) = -14*v - 119. Determine r(-6).
-35
Let c(l) = l**3 + 9*l**2 - 3. Give c(-9).
-3
Let z(y) = -y + 25. Calculate z(5).
20
Let v(n) = n**2 + 20*n - 22. Determine v(-21).
-1
Let q(h) = -h**3 + 5*h**2 - 7*h - 2. Calculate q(4).
-14
Let w(n) = n**3 + 12*n**2 - 2*n - 35. Determine w(-12).
-11
Let l(u) = -5*u - 15. Calculate l(-9).
30
Let q(k) = -k**3 - 5*k**2 - 4*k - 6. What is q(-5)?
14
Let z(a) = 5*a + 8. What is z(-11)?
-47
Let k(t) = t**3 - 4*t**2 - 5*t - 1. Give k(5).
-1
Let t(y) = -y**3 + 36*y**2 - 70*y + 75. Determine t(34).
7
Let i(y) 